{"version":"1.0","provider_name":"Christos Doulkeridis","provider_url":"https:\/\/www.doulkeridis.be\/blog","author_name":"Christos Doulkeridis","author_url":"https:\/\/www.doulkeridis.be\/blog\/author\/christos\/","title":"\"Arr\u00eatons d\u2019avoir peur\" - Le Soir (14 avril 2008) - Christos Doulkeridis","type":"rich","width":600,"height":338,"html":"<blockquote class=\"wp-embedded-content\" data-secret=\"lVTMHJJgDz\"><a href=\"https:\/\/www.doulkeridis.be\/blog\/2008\/04\/14\/arretons-d%e2%80%99avoir-peur-le-soir-14-avril-2008\/\">\u00ab\u00a0Arr\u00eatons d\u2019avoir peur\u00a0\u00bb &#8211; Le Soir (14 avril 2008)<\/a><\/blockquote><iframe sandbox=\"allow-scripts\" security=\"restricted\" src=\"https:\/\/www.doulkeridis.be\/blog\/2008\/04\/14\/arretons-d%e2%80%99avoir-peur-le-soir-14-avril-2008\/embed\/#?secret=lVTMHJJgDz\" width=\"600\" height=\"338\" title=\"\u00ab\u00a0\u00ab\u00a0Arr\u00eatons d\u2019avoir peur\u00a0\u00bb &#8211; Le Soir (14 avril 2008)\u00a0\u00bb &#8212; Christos Doulkeridis\" data-secret=\"lVTMHJJgDz\" frameborder=\"0\" marginwidth=\"0\" marginheight=\"0\" scrolling=\"no\" class=\"wp-embedded-content\"><\/iframe><script type=\"text\/javascript\">\n\/* <![CDATA[ *\/\n\/*! This file is auto-generated *\/\n!function(d,l){\"use strict\";l.querySelector&&d.addEventListener&&\"undefined\"!=typeof URL&&(d.wp=d.wp||{},d.wp.receiveEmbedMessage||(d.wp.receiveEmbedMessage=function(e){var t=e.data;if((t||t.secret||t.message||t.value)&&!\/[^a-zA-Z0-9]\/.test(t.secret)){for(var s,r,n,a=l.querySelectorAll('iframe[data-secret=\"'+t.secret+'\"]'),o=l.querySelectorAll('blockquote[data-secret=\"'+t.secret+'\"]'),c=new RegExp(\"^https?:$\",\"i\"),i=0;i<o.length;i++)o[i].style.display=\"none\";for(i=0;i<a.length;i++)s=a[i],e.source===s.contentWindow&&(s.removeAttribute(\"style\"),\"height\"===t.message?(1e3<(r=parseInt(t.value,10))?r=1e3:~~r<200&&(r=200),s.height=r):\"link\"===t.message&&(r=new URL(s.getAttribute(\"src\")),n=new URL(t.value),c.test(n.protocol))&&n.host===r.host&&l.activeElement===s&&(d.top.location.href=t.value))}},d.addEventListener(\"message\",d.wp.receiveEmbedMessage,!1),l.addEventListener(\"DOMContentLoaded\",function(){for(var e,t,s=l.querySelectorAll(\"iframe.wp-embedded-content\"),r=0;r<s.length;r++)(t=(e=s[r]).getAttribute(\"data-secret\"))||(t=Math.random().toString(36).substring(2,12),e.src+=\"#?secret=\"+t,e.setAttribute(\"data-secret\",t)),e.contentWindow.postMessage({message:\"ready\",secret:t},\"*\")},!1)))}(window,document);\n\/\/# sourceURL=https:\/\/www.doulkeridis.be\/blog\/wp-includes\/js\/wp-embed.min.js\n\/* ]]> *\/\n<\/script>\n","description":"Vous trouverez ci-dessous un article publi\u00e9 dans le quotidien Le Soir suite \u00e0 une interview que j\u2019ai accord\u00e9e \u00e0 V\u00e9ronique Lamquin. Au moment o\u00f9 les associations, les syndicats, les entreprises bruxelloises se sont rassembl\u00e9s au sein d\u2019une plateforme commune pour l\u2019avenir de Bruxelles, je lance un appel \u00e0 l\u2019ensemble des formations politiques d\u00e9mocratiques pour r\u00e9fl\u00e9chir ensemble au destin de Bruxelles. Cette r\u00e9flexion pourrait se faire au sein de cette plate forme si elle lance l\u2019invitation. Le visage de Bruxelles a chang\u00e9 en pr\u00e8s de 20 ans d\u2019existence. Les d\u00e9fis en mati\u00e8re d\u2019enseignement, de logement, de mobilit\u00e9, etc. appellent des r\u00e9ponses urgentes qui doivent mobiliser toutes les forces vives. Ce lundi 14 avril, j\u2019\u00e9tais \u00e9galement l\u2019invit\u00e9 de Frabrice Grosfilley sur Bel RTL ( Cliquez ici pour \u00e9couter l\u2019interview) et de Mathieu Col sur Mint fm (cette interview est disponible en cliquant ici. Le patron des Verts bruxellois appelle \u00e0 l\u2019union sacr\u00e9e. Parce qu\u2019il y a urgence. La R\u00e9gion s\u2019appauvrit. Entretien Les Bruxellois existent\u00a0; ils ne se retrouvent pas dans une Belgique divis\u00e9e en deux camps&#8230; Ce discours, c\u2019est celui d\u2019une plateforme qui r\u00e9unit patrons, syndicats, repr\u00e9sentants du monde culturel et associatif de Bruxelles. Leur d\u00e9marche, ils la justifient, notamment, par l\u2019envie [&hellip;]"}

"Arrêtons d’avoir peur" - Le Soir (14 avril 2008) - Christos Doulkeridis

<blockquote class="wp-embedded-content" data-secret="lVTMHJJgDz"><a href="https://www.doulkeridis.be/blog/2008/04/14/arretons-d%e2%80%99avoir-peur-le-soir-14-avril-2008/">« Arrêtons d’avoir peur » &#8211; Le Soir (14 avril 2008)</a></blockquote><iframe sandbox="allow-scripts" security="restricted" src="https://www.doulkeridis.be/blog/2008/04/14/arretons-d%e2%80%99avoir-peur-le-soir-14-avril-2008/embed/#?secret=lVTMHJJgDz" width="600" height="338" title="« « Arrêtons d’avoir peur » &#8211; Le Soir (14 avril 2008) » &#8212; Christos Doulkeridis" data-secret="lVTMHJJgDz" frameborder="0" marginwidth="0" marginheight="0" scrolling="no" class="wp-embedded-content"></iframe><script type="text/javascript">
/* <![CDATA[ */
/*! This file is auto-generated */
!function(d,l){"use strict";l.querySelector&&d.addEventListener&&"undefined"!=typeof URL&&(d.wp=d.wp||{},d.wp.receiveEmbedMessage||(d.wp.receiveEmbedMessage=function(e){var t=e.data;if((t||t.secret||t.message||t.value)&&!/[^a-zA-Z0-9]/.test(t.secret)){for(var s,r,n,a=l.querySelectorAll('iframe[data-secret="'+t.secret+'"]'),o=l.querySelectorAll('blockquote[data-secret="'+t.secret+'"]'),c=new RegExp("^https?:$","i"),i=0;i<o.length;i++)o[i].style.display="none";for(i=0;i<a.length;i++)s=a[i],e.source===s.contentWindow&&(s.removeAttribute("style"),"height"===t.message?(1e3<(r=parseInt(t.value,10))?r=1e3:~~r<200&&(r=200),s.height=r):"link"===t.message&&(r=new URL(s.getAttribute("src")),n=new URL(t.value),c.test(n.protocol))&&n.host===r.host&&l.activeElement===s&&(d.top.location.href=t.value))}},d.addEventListener("message",d.wp.receiveEmbedMessage,!1),l.addEventListener("DOMContentLoaded",function(){for(var e,t,s=l.querySelectorAll("iframe.wp-embedded-content"),r=0;r<s.length;r++)(t=(e=s[r]).getAttribute("data-secret"))||(t=Math.random().toString(36).substring(2,12),e.src+="#?secret="+t,e.setAttribute("data-secret",t)),e.contentWindow.postMessage({message:"ready",secret:t},"*")},!1)))}(window,document);
//# sourceURL=https://www.doulkeridis.be/blog/wp-includes/js/wp-embed.min.js
/* ]]> */
</script>

Vous trouverez ci-dessous un article publié dans le quotidien Le Soir suite à une interview que j’ai accordée à Véronique Lamquin. Au moment où les associations, les syndicats, les entreprises bruxelloises se sont rassemblés au sein d’une plateforme commune pour l’avenir de Bruxelles, je lance un appel à l’ensemble des formations politiques démocratiques pour réfléchir ensemble au destin de Bruxelles. Cette réflexion pourrait se faire au sein de cette plate forme si elle lance l’invitation. Le visage de Bruxelles a changé en près de 20 ans d’existence. Les défis en matière d’enseignement, de logement, de mobilité, etc. appellent des réponses urgentes qui doivent mobiliser toutes les forces vives. Ce lundi 14 avril, j’étais également l’invité de Frabrice Grosfilley sur Bel RTL ( Cliquez ici pour écouter l’interview) et de Mathieu Col sur Mint fm (cette interview est disponible en cliquant ici. Le patron des Verts bruxellois appelle à l’union sacrée. Parce qu’il y a urgence. La Région s’appauvrit. Entretien Les Bruxellois existent ; ils ne se retrouvent pas dans une Belgique divisée en deux camps&#8230; Ce discours, c’est celui d’une plateforme qui réunit patrons, syndicats, représentants du monde culturel et associatif de Bruxelles. Leur démarche, ils la justifient, notamment, par l’envie [&hellip;]
