{"version":"1.0","provider_name":"Christos Doulkeridis","provider_url":"https:\/\/www.doulkeridis.be\/blog","author_name":"Christos Doulkeridis","author_url":"https:\/\/www.doulkeridis.be\/blog\/author\/christos\/","title":"COCOF : \"rigueur et coordination\" - Christos Doulkeridis","type":"rich","width":600,"height":338,"html":"<blockquote class=\"wp-embedded-content\" data-secret=\"lo13A6jlNa\"><a href=\"https:\/\/www.doulkeridis.be\/blog\/2009\/10\/29\/cocof-rigueur-coordination-doulkeridis\/\">COCOF : \u00ab\u00a0rigueur et coordination\u00a0\u00bb<\/a><\/blockquote><iframe sandbox=\"allow-scripts\" security=\"restricted\" src=\"https:\/\/www.doulkeridis.be\/blog\/2009\/10\/29\/cocof-rigueur-coordination-doulkeridis\/embed\/#?secret=lo13A6jlNa\" width=\"600\" height=\"338\" title=\"\u00ab\u00a0COCOF : \u00ab\u00a0rigueur et coordination\u00a0\u00bb\u00a0\u00bb &#8212; Christos Doulkeridis\" data-secret=\"lo13A6jlNa\" frameborder=\"0\" marginwidth=\"0\" marginheight=\"0\" scrolling=\"no\" class=\"wp-embedded-content\"><\/iframe><script type=\"text\/javascript\">\n\/* <![CDATA[ *\/\n\/*! This file is auto-generated *\/\n!function(d,l){\"use strict\";l.querySelector&&d.addEventListener&&\"undefined\"!=typeof URL&&(d.wp=d.wp||{},d.wp.receiveEmbedMessage||(d.wp.receiveEmbedMessage=function(e){var t=e.data;if((t||t.secret||t.message||t.value)&&!\/[^a-zA-Z0-9]\/.test(t.secret)){for(var s,r,n,a=l.querySelectorAll('iframe[data-secret=\"'+t.secret+'\"]'),o=l.querySelectorAll('blockquote[data-secret=\"'+t.secret+'\"]'),c=new RegExp(\"^https?:$\",\"i\"),i=0;i<o.length;i++)o[i].style.display=\"none\";for(i=0;i<a.length;i++)s=a[i],e.source===s.contentWindow&&(s.removeAttribute(\"style\"),\"height\"===t.message?(1e3<(r=parseInt(t.value,10))?r=1e3:~~r<200&&(r=200),s.height=r):\"link\"===t.message&&(r=new URL(s.getAttribute(\"src\")),n=new URL(t.value),c.test(n.protocol))&&n.host===r.host&&l.activeElement===s&&(d.top.location.href=t.value))}},d.addEventListener(\"message\",d.wp.receiveEmbedMessage,!1),l.addEventListener(\"DOMContentLoaded\",function(){for(var e,t,s=l.querySelectorAll(\"iframe.wp-embedded-content\"),r=0;r<s.length;r++)(t=(e=s[r]).getAttribute(\"data-secret\"))||(t=Math.random().toString(36).substring(2,12),e.src+=\"#?secret=\"+t,e.setAttribute(\"data-secret\",t)),e.contentWindow.postMessage({message:\"ready\",secret:t},\"*\")},!1)))}(window,document);\n\/\/# sourceURL=https:\/\/www.doulkeridis.be\/blog\/wp-includes\/js\/wp-embed.min.js\n\/* ]]> *\/\n<\/script>\n","description":"Article dans La Libre Belgique du lundi 26 octobre \u00e9crit par Rapha\u00ebl Meulders (avec Belga) \u00ab\u00a0Rigueur et coordination\u00a0\u00bb La Cocof a effectu\u00e9 sa rentr\u00e9e ce vendredi dans un contexte budg\u00e9taire difficile. En terrain budg\u00e9taire difficile, la Commission Communautaire fran\u00e7aise opposera \u00ab\u00a0rigueur et coordination au gaspi et \u00e0 la d\u00e9mesure\u00a0\u00bb, a affirm\u00e9 vendredi Christos Doulkeridis (Ecolo), devant les d\u00e9put\u00e9s bruxellois francophones r\u00e9unis en s\u00e9ance pl\u00e9ni\u00e8re pour \u00e9couter sa d\u00e9claration de politique g\u00e9n\u00e9rale. A Bruxelles, cette institution charg\u00e9e d\u2019une s\u00e9rie de mati\u00e8res touchant de pr\u00e8s les 900 000 habitants francophones (formation professionnelle, aide aux personnes handicap\u00e9es, coh\u00e9sion entre les diff\u00e9rents groupes sociaux, sport, culture ) devra absorber, aux c\u00f4t\u00e9s de la R\u00e9gion, les d\u00e9fis li\u00e9s au boom d\u00e9mographique des prochaines ann\u00e9es. Depuis trois mois, la nouvelle \u00e9quipe de ministres PS-Ecolo-cdH dirig\u00e9e par Christos Doulkeridis s\u2019est concentr\u00e9e sur le d\u00e9fi budg\u00e9taire. R\u00e9sultat\u00a0: 11 millions d\u2019euros d\u2019\u00e9conomies en 2009 et un projet de budget 2010 de 363 millions d\u2019euros en l\u00e9ger d\u00e9ficit de 2,2 millions, gr\u00e2ce notamment \u00e0 une aide de 12,5 millions de la Communaut\u00e9 fran\u00e7aise. Pour faire le maximum avec peu de moyens, les ministres bruxellois francophones travailleront avec leurs coll\u00e8gues de la Communaut\u00e9 fran\u00e7aise qu\u2019ils verront officiellement au moins tous les [&hellip;]"}

Article dans La Libre Belgique du lundi 26 octobre écrit par Raphaël Meulders (avec Belga) « Rigueur et coordination » La Cocof a effectué sa rentrée ce vendredi dans un contexte budgétaire difficile. En terrain budgétaire difficile, la Commission Communautaire française opposera « rigueur et coordination au gaspi et à la démesure », a affirmé vendredi Christos Doulkeridis (Ecolo), devant les députés bruxellois francophones réunis en séance plénière pour écouter sa déclaration de politique générale. A Bruxelles, cette institution chargée d’une série de matières touchant de près les 900 000 habitants francophones (formation professionnelle, aide aux personnes handicapées, cohésion entre les différents groupes sociaux, sport, culture ) devra absorber, aux côtés de la Région, les défis liés au boom démographique des prochaines années. Depuis trois mois, la nouvelle équipe de ministres PS-Ecolo-cdH dirigée par Christos Doulkeridis s’est concentrée sur le défi budgétaire. Résultat : 11 millions d’euros d’économies en 2009 et un projet de budget 2010 de 363 millions d’euros en léger déficit de 2,2 millions, grâce notamment à une aide de 12,5 millions de la Communauté française. Pour faire le maximum avec peu de moyens, les ministres bruxellois francophones travailleront avec leurs collègues de la Communauté française qu’ils verront officiellement au moins tous les [&hellip;]
