{"version":"1.0","provider_name":"Christos Doulkeridis","provider_url":"https:\/\/www.doulkeridis.be\/blog","author_name":"Christos Doulkeridis","author_url":"https:\/\/www.doulkeridis.be\/blog\/author\/christos\/","title":"Tourisme : \"L\u2019autre ambition europ\u00e9enne\" - Christos Doulkeridis","type":"rich","width":600,"height":338,"html":"<blockquote class=\"wp-embedded-content\" data-secret=\"XPr2V1n0Og\"><a href=\"https:\/\/www.doulkeridis.be\/blog\/2010\/01\/05\/tourisme-l%e2%80%99autre-ambition-europeenne\/\">Tourisme : \u00ab\u00a0L\u2019autre ambition europ\u00e9enne\u00a0\u00bb<\/a><\/blockquote><iframe sandbox=\"allow-scripts\" security=\"restricted\" src=\"https:\/\/www.doulkeridis.be\/blog\/2010\/01\/05\/tourisme-l%e2%80%99autre-ambition-europeenne\/embed\/#?secret=XPr2V1n0Og\" width=\"600\" height=\"338\" title=\"\u00ab\u00a0Tourisme : \u00ab\u00a0L\u2019autre ambition europ\u00e9enne\u00a0\u00bb\u00a0\u00bb &#8212; Christos Doulkeridis\" data-secret=\"XPr2V1n0Og\" frameborder=\"0\" marginwidth=\"0\" marginheight=\"0\" scrolling=\"no\" class=\"wp-embedded-content\"><\/iframe><script type=\"text\/javascript\">\n\/* <![CDATA[ *\/\n\/*! This file is auto-generated *\/\n!function(d,l){\"use strict\";l.querySelector&&d.addEventListener&&\"undefined\"!=typeof URL&&(d.wp=d.wp||{},d.wp.receiveEmbedMessage||(d.wp.receiveEmbedMessage=function(e){var t=e.data;if((t||t.secret||t.message||t.value)&&!\/[^a-zA-Z0-9]\/.test(t.secret)){for(var s,r,n,a=l.querySelectorAll('iframe[data-secret=\"'+t.secret+'\"]'),o=l.querySelectorAll('blockquote[data-secret=\"'+t.secret+'\"]'),c=new RegExp(\"^https?:$\",\"i\"),i=0;i<o.length;i++)o[i].style.display=\"none\";for(i=0;i<a.length;i++)s=a[i],e.source===s.contentWindow&&(s.removeAttribute(\"style\"),\"height\"===t.message?(1e3<(r=parseInt(t.value,10))?r=1e3:~~r<200&&(r=200),s.height=r):\"link\"===t.message&&(r=new URL(s.getAttribute(\"src\")),n=new URL(t.value),c.test(n.protocol))&&n.host===r.host&&l.activeElement===s&&(d.top.location.href=t.value))}},d.addEventListener(\"message\",d.wp.receiveEmbedMessage,!1),l.addEventListener(\"DOMContentLoaded\",function(){for(var e,t,s=l.querySelectorAll(\"iframe.wp-embedded-content\"),r=0;r<s.length;r++)(t=(e=s[r]).getAttribute(\"data-secret\"))||(t=Math.random().toString(36).substring(2,12),e.src+=\"#?secret=\"+t,e.setAttribute(\"data-secret\",t)),e.contentWindow.postMessage({message:\"ready\",secret:t},\"*\")},!1)))}(window,document);\n\/\/# sourceURL=https:\/\/www.doulkeridis.be\/blog\/wp-includes\/js\/wp-embed.min.js\n\/* ]]> *\/\n<\/script>\n","description":"ENTRETIEN paru dans Le Soir du samedi 26 d\u00e9cembre 2009\u00a0: Cinq mois apr\u00e8s la formation du gouvernement, le ministre bruxellois du Tourisme, Christos Doulkeridis (Ecolo), dit ses ambitions pour une mati\u00e8re dont, selon lui, on ne mesure pas encore assez la valeur \u00e9conomique. Quelle est aujourd\u2019hui votre priorit\u00e9 pour le tourisme \u00e0 Bruxelles\u00a0? Appliquer d\u2019abord ce qui est inscrit dans la d\u00e9claration gouvernementale\u00a0: instaurer des indicateurs qualitatifs pour affiner le profil socio-\u00e9conomique du touriste\u00a0: savoir d\u2019o\u00f9 il vient, le type de produit qu\u2019il cherche \u00e0 Bruxelles, l\u2019image qu\u2019il en a quand il repart et le m\u00e9dia qu\u2019il a utilis\u00e9 pour choisir sa destination. On va renforcer le r\u00f4le de l\u2019Observatoire du tourisme, Prenons l\u2019exemple de la Biennale Art nouveau. C\u2019est un public restreint, mais on a, l\u00e0, la possibilit\u00e9 de faire une enqu\u00eate qualitative pouss\u00e9e. On voit notamment qu\u2019une personne sur deux est venue \u00e0 Bruxelles rien que pour cet \u00e9v\u00e9nement. Ces donn\u00e9es orienteront notre politique. On dispose toujours de chiffres bruts, mais pas d\u2019enqu\u00eates qualitatives. Mes priorit\u00e9s sont l\u00e0, avec la volont\u00e9 de d\u00e9velopper le tourisme durable. Cela signifie notamment travailler pour \u00e9viter que le d\u00e9veloppement du tourisme nuise \u00e0 la qualit\u00e9 de vie des Bruxellois. Le tourisme doit [&hellip;]","thumbnail_url":"http:\/\/www.doulkeridis.be\/IMG\/arton626.jpg"}

Tourisme : "L’autre ambition européenne" - Christos Doulkeridis

<blockquote class="wp-embedded-content" data-secret="XPr2V1n0Og"><a href="https://www.doulkeridis.be/blog/2010/01/05/tourisme-l%e2%80%99autre-ambition-europeenne/">Tourisme : « L’autre ambition européenne »</a></blockquote><iframe sandbox="allow-scripts" security="restricted" src="https://www.doulkeridis.be/blog/2010/01/05/tourisme-l%e2%80%99autre-ambition-europeenne/embed/#?secret=XPr2V1n0Og" width="600" height="338" title="« Tourisme : « L’autre ambition européenne » » &#8212; Christos Doulkeridis" data-secret="XPr2V1n0Og" frameborder="0" marginwidth="0" marginheight="0" scrolling="no" class="wp-embedded-content"></iframe><script type="text/javascript">
/* <![CDATA[ */
/*! This file is auto-generated */
!function(d,l){"use strict";l.querySelector&&d.addEventListener&&"undefined"!=typeof URL&&(d.wp=d.wp||{},d.wp.receiveEmbedMessage||(d.wp.receiveEmbedMessage=function(e){var t=e.data;if((t||t.secret||t.message||t.value)&&!/[^a-zA-Z0-9]/.test(t.secret)){for(var s,r,n,a=l.querySelectorAll('iframe[data-secret="'+t.secret+'"]'),o=l.querySelectorAll('blockquote[data-secret="'+t.secret+'"]'),c=new RegExp("^https?:$","i"),i=0;i<o.length;i++)o[i].style.display="none";for(i=0;i<a.length;i++)s=a[i],e.source===s.contentWindow&&(s.removeAttribute("style"),"height"===t.message?(1e3<(r=parseInt(t.value,10))?r=1e3:~~r<200&&(r=200),s.height=r):"link"===t.message&&(r=new URL(s.getAttribute("src")),n=new URL(t.value),c.test(n.protocol))&&n.host===r.host&&l.activeElement===s&&(d.top.location.href=t.value))}},d.addEventListener("message",d.wp.receiveEmbedMessage,!1),l.addEventListener("DOMContentLoaded",function(){for(var e,t,s=l.querySelectorAll("iframe.wp-embedded-content"),r=0;r<s.length;r++)(t=(e=s[r]).getAttribute("data-secret"))||(t=Math.random().toString(36).substring(2,12),e.src+="#?secret="+t,e.setAttribute("data-secret",t)),e.contentWindow.postMessage({message:"ready",secret:t},"*")},!1)))}(window,document);
//# sourceURL=https://www.doulkeridis.be/blog/wp-includes/js/wp-embed.min.js
/* ]]> */
</script>

ENTRETIEN paru dans Le Soir du samedi 26 décembre 2009 : Cinq mois après la formation du gouvernement, le ministre bruxellois du Tourisme, Christos Doulkeridis (Ecolo), dit ses ambitions pour une matière dont, selon lui, on ne mesure pas encore assez la valeur économique. Quelle est aujourd’hui votre priorité pour le tourisme à Bruxelles ? Appliquer d’abord ce qui est inscrit dans la déclaration gouvernementale : instaurer des indicateurs qualitatifs pour affiner le profil socio-économique du touriste : savoir d’où il vient, le type de produit qu’il cherche à Bruxelles, l’image qu’il en a quand il repart et le média qu’il a utilisé pour choisir sa destination. On va renforcer le rôle de l’Observatoire du tourisme, Prenons l’exemple de la Biennale Art nouveau. C’est un public restreint, mais on a, là, la possibilité de faire une enquête qualitative poussée. On voit notamment qu’une personne sur deux est venue à Bruxelles rien que pour cet événement. Ces données orienteront notre politique. On dispose toujours de chiffres bruts, mais pas d’enquêtes qualitatives. Mes priorités sont là, avec la volonté de développer le tourisme durable. Cela signifie notamment travailler pour éviter que le développement du tourisme nuise à la qualité de vie des Bruxellois. Le tourisme doit [&hellip;]
