{"version":"1.0","provider_name":"Christos Doulkeridis","provider_url":"https:\/\/www.doulkeridis.be\/blog","author_name":"Christos Doulkeridis","author_url":"https:\/\/www.doulkeridis.be\/blog\/author\/christos\/","title":"Inauguration de 121 logements r\u00e9nov\u00e9s \u00e0 Schaerbeek - Christos Doulkeridis","type":"rich","width":600,"height":338,"html":"<blockquote class=\"wp-embedded-content\" data-secret=\"SadbrGUYCs\"><a href=\"https:\/\/www.doulkeridis.be\/blog\/2010\/06\/07\/inauguration-de-121-logements-renoves-a-schaerbeek\/\">Inauguration de 121 logements r\u00e9nov\u00e9s \u00e0 Schaerbeek<\/a><\/blockquote><iframe sandbox=\"allow-scripts\" security=\"restricted\" src=\"https:\/\/www.doulkeridis.be\/blog\/2010\/06\/07\/inauguration-de-121-logements-renoves-a-schaerbeek\/embed\/#?secret=SadbrGUYCs\" width=\"600\" height=\"338\" title=\"\u00ab\u00a0Inauguration de 121 logements r\u00e9nov\u00e9s \u00e0 Schaerbeek\u00a0\u00bb &#8212; Christos Doulkeridis\" data-secret=\"SadbrGUYCs\" frameborder=\"0\" marginwidth=\"0\" marginheight=\"0\" scrolling=\"no\" class=\"wp-embedded-content\"><\/iframe><script type=\"text\/javascript\">\n\/* <![CDATA[ *\/\n\/*! This file is auto-generated *\/\n!function(d,l){\"use strict\";l.querySelector&&d.addEventListener&&\"undefined\"!=typeof URL&&(d.wp=d.wp||{},d.wp.receiveEmbedMessage||(d.wp.receiveEmbedMessage=function(e){var t=e.data;if((t||t.secret||t.message||t.value)&&!\/[^a-zA-Z0-9]\/.test(t.secret)){for(var s,r,n,a=l.querySelectorAll('iframe[data-secret=\"'+t.secret+'\"]'),o=l.querySelectorAll('blockquote[data-secret=\"'+t.secret+'\"]'),c=new RegExp(\"^https?:$\",\"i\"),i=0;i<o.length;i++)o[i].style.display=\"none\";for(i=0;i<a.length;i++)s=a[i],e.source===s.contentWindow&&(s.removeAttribute(\"style\"),\"height\"===t.message?(1e3<(r=parseInt(t.value,10))?r=1e3:~~r<200&&(r=200),s.height=r):\"link\"===t.message&&(r=new URL(s.getAttribute(\"src\")),n=new URL(t.value),c.test(n.protocol))&&n.host===r.host&&l.activeElement===s&&(d.top.location.href=t.value))}},d.addEventListener(\"message\",d.wp.receiveEmbedMessage,!1),l.addEventListener(\"DOMContentLoaded\",function(){for(var e,t,s=l.querySelectorAll(\"iframe.wp-embedded-content\"),r=0;r<s.length;r++)(t=(e=s[r]).getAttribute(\"data-secret\"))||(t=Math.random().toString(36).substring(2,12),e.src+=\"#?secret=\"+t,e.setAttribute(\"data-secret\",t)),e.contentWindow.postMessage({message:\"ready\",secret:t},\"*\")},!1)))}(window,document);\n\/\/# sourceURL=https:\/\/www.doulkeridis.be\/blog\/wp-includes\/js\/wp-embed.min.js\n\/* ]]> *\/\n<\/script>\n","description":"Ce lundi 7 juin 2010, j&rsquo;ai assist\u00e9 \u00e0 l&rsquo;inauguration de 121 logements r\u00e9nov\u00e9s sur le site Haecht-Agriculture-Marbotin \u00e0 Schaerbeek, en pr\u00e9sence de Bernard Lanssens, pr\u00e9sident du Foyer schaerbeekois, C\u00e9cile Jodogne, bourgmestre ff. de Schaerbeek, et Gert Van der Eeken, pr\u00e9sident de la SLRB. La r\u00e9novation de ce site de 24 immeubles et 155 logements construit en 1920 se r\u00e9v\u00e8le attrayante \u00e0 plus d&rsquo;un titre. Une belle r\u00e9ussite ! Je me r\u00e9jouis de tout ce que le Foyer Schaerbeekois a mis en place pour rendre la vie du quartier la plus agr\u00e9able possible : que ce soient les agents de convivialit\u00e9, le Cocolo et le projet de coh\u00e9sion sociale \u00ab Espace locataires \u00bb. La convivialit\u00e9 passe aussi par un cadre de vie agr\u00e9able. C&rsquo;est pour cette raison que la R\u00e9gion de Bruxelles-Capitale consacre des moyens budg\u00e9taires importants \u00e0 la remise en \u00e9tat et \u00e0 l&rsquo;extension du patrimoine de logements sociaux. Depuis 2002, 480 millions d&rsquo;euros ont \u00e9t\u00e9 d\u00e9di\u00e9s \u00e0 la r\u00e9novation et 540 millions \u00e0 la construction. Cela fait, en l&rsquo;espace de 8 ans, plus d&rsquo;un milliard. Durant cette l\u00e9gislature, je mettrai un point d&rsquo;honneur \u00e0 accro\u00eetre le volume d&rsquo;investissement annuel dans le secteur tout en restant attentif \u00e0 leur qualit\u00e9. [&hellip;]","thumbnail_url":"http:\/\/www.doulkeridis.be\/blog\/wp-content\/uploads\/2010\/06\/20100607-Inauguration-121-logements-Foyer-schaerbeekois-048.jpg"}

Inauguration de 121 logements rénovés à Schaerbeek - Christos Doulkeridis

<blockquote class="wp-embedded-content" data-secret="SadbrGUYCs"><a href="https://www.doulkeridis.be/blog/2010/06/07/inauguration-de-121-logements-renoves-a-schaerbeek/">Inauguration de 121 logements rénovés à Schaerbeek</a></blockquote><iframe sandbox="allow-scripts" security="restricted" src="https://www.doulkeridis.be/blog/2010/06/07/inauguration-de-121-logements-renoves-a-schaerbeek/embed/#?secret=SadbrGUYCs" width="600" height="338" title="« Inauguration de 121 logements rénovés à Schaerbeek » &#8212; Christos Doulkeridis" data-secret="SadbrGUYCs" frameborder="0" marginwidth="0" marginheight="0" scrolling="no" class="wp-embedded-content"></iframe><script type="text/javascript">
/* <![CDATA[ */
/*! This file is auto-generated */
!function(d,l){"use strict";l.querySelector&&d.addEventListener&&"undefined"!=typeof URL&&(d.wp=d.wp||{},d.wp.receiveEmbedMessage||(d.wp.receiveEmbedMessage=function(e){var t=e.data;if((t||t.secret||t.message||t.value)&&!/[^a-zA-Z0-9]/.test(t.secret)){for(var s,r,n,a=l.querySelectorAll('iframe[data-secret="'+t.secret+'"]'),o=l.querySelectorAll('blockquote[data-secret="'+t.secret+'"]'),c=new RegExp("^https?:$","i"),i=0;i<o.length;i++)o[i].style.display="none";for(i=0;i<a.length;i++)s=a[i],e.source===s.contentWindow&&(s.removeAttribute("style"),"height"===t.message?(1e3<(r=parseInt(t.value,10))?r=1e3:~~r<200&&(r=200),s.height=r):"link"===t.message&&(r=new URL(s.getAttribute("src")),n=new URL(t.value),c.test(n.protocol))&&n.host===r.host&&l.activeElement===s&&(d.top.location.href=t.value))}},d.addEventListener("message",d.wp.receiveEmbedMessage,!1),l.addEventListener("DOMContentLoaded",function(){for(var e,t,s=l.querySelectorAll("iframe.wp-embedded-content"),r=0;r<s.length;r++)(t=(e=s[r]).getAttribute("data-secret"))||(t=Math.random().toString(36).substring(2,12),e.src+="#?secret="+t,e.setAttribute("data-secret",t)),e.contentWindow.postMessage({message:"ready",secret:t},"*")},!1)))}(window,document);
//# sourceURL=https://www.doulkeridis.be/blog/wp-includes/js/wp-embed.min.js
/* ]]> */
</script>

Ce lundi 7 juin 2010, j&rsquo;ai assisté à l&rsquo;inauguration de 121 logements rénovés sur le site Haecht-Agriculture-Marbotin à Schaerbeek, en présence de Bernard Lanssens, président du Foyer schaerbeekois, Cécile Jodogne, bourgmestre ff. de Schaerbeek, et Gert Van der Eeken, président de la SLRB. La rénovation de ce site de 24 immeubles et 155 logements construit en 1920 se révèle attrayante à plus d&rsquo;un titre. Une belle réussite ! Je me réjouis de tout ce que le Foyer Schaerbeekois a mis en place pour rendre la vie du quartier la plus agréable possible : que ce soient les agents de convivialité, le Cocolo et le projet de cohésion sociale « Espace locataires ». La convivialité passe aussi par un cadre de vie agréable. C&rsquo;est pour cette raison que la Région de Bruxelles-Capitale consacre des moyens budgétaires importants à la remise en état et à l&rsquo;extension du patrimoine de logements sociaux. Depuis 2002, 480 millions d&rsquo;euros ont été dédiés à la rénovation et 540 millions à la construction. Cela fait, en l&rsquo;espace de 8 ans, plus d&rsquo;un milliard. Durant cette législature, je mettrai un point d&rsquo;honneur à accroître le volume d&rsquo;investissement annuel dans le secteur tout en restant attentif à leur qualité. [&hellip;]
