{"version":"1.0","provider_name":"Christos Doulkeridis","provider_url":"https:\/\/www.doulkeridis.be\/blog","author_name":"Christos Doulkeridis","author_url":"https:\/\/www.doulkeridis.be\/blog\/author\/christos\/","title":"SLRB : un nouveau contrat de gestion vert.social - Christos Doulkeridis","type":"rich","width":600,"height":338,"html":"<blockquote class=\"wp-embedded-content\" data-secret=\"7vY8IaWqvB\"><a href=\"https:\/\/www.doulkeridis.be\/blog\/2010\/08\/31\/slrb-un-nouveau-contrat-de-gestion-vert-social\/\">SLRB : un nouveau contrat de gestion vert.social<\/a><\/blockquote><iframe sandbox=\"allow-scripts\" security=\"restricted\" src=\"https:\/\/www.doulkeridis.be\/blog\/2010\/08\/31\/slrb-un-nouveau-contrat-de-gestion-vert-social\/embed\/#?secret=7vY8IaWqvB\" width=\"600\" height=\"338\" title=\"\u00ab\u00a0SLRB : un nouveau contrat de gestion vert.social\u00a0\u00bb &#8212; Christos Doulkeridis\" data-secret=\"7vY8IaWqvB\" frameborder=\"0\" marginwidth=\"0\" marginheight=\"0\" scrolling=\"no\" class=\"wp-embedded-content\"><\/iframe><script type=\"text\/javascript\">\n\/* <![CDATA[ *\/\n\/*! This file is auto-generated *\/\n!function(d,l){\"use strict\";l.querySelector&&d.addEventListener&&\"undefined\"!=typeof URL&&(d.wp=d.wp||{},d.wp.receiveEmbedMessage||(d.wp.receiveEmbedMessage=function(e){var t=e.data;if((t||t.secret||t.message||t.value)&&!\/[^a-zA-Z0-9]\/.test(t.secret)){for(var s,r,n,a=l.querySelectorAll('iframe[data-secret=\"'+t.secret+'\"]'),o=l.querySelectorAll('blockquote[data-secret=\"'+t.secret+'\"]'),c=new RegExp(\"^https?:$\",\"i\"),i=0;i<o.length;i++)o[i].style.display=\"none\";for(i=0;i<a.length;i++)s=a[i],e.source===s.contentWindow&&(s.removeAttribute(\"style\"),\"height\"===t.message?(1e3<(r=parseInt(t.value,10))?r=1e3:~~r<200&&(r=200),s.height=r):\"link\"===t.message&&(r=new URL(s.getAttribute(\"src\")),n=new URL(t.value),c.test(n.protocol))&&n.host===r.host&&l.activeElement===s&&(d.top.location.href=t.value))}},d.addEventListener(\"message\",d.wp.receiveEmbedMessage,!1),l.addEventListener(\"DOMContentLoaded\",function(){for(var e,t,s=l.querySelectorAll(\"iframe.wp-embedded-content\"),r=0;r<s.length;r++)(t=(e=s[r]).getAttribute(\"data-secret\"))||(t=Math.random().toString(36).substring(2,12),e.src+=\"#?secret=\"+t,e.setAttribute(\"data-secret\",t)),e.contentWindow.postMessage({message:\"ready\",secret:t},\"*\")},!1)))}(window,document);\n\/\/# sourceURL=https:\/\/www.doulkeridis.be\/blog\/wp-includes\/js\/wp-embed.min.js\n\/* ]]> *\/\n<\/script>\n","description":"Ce matin, j&rsquo;ai pr\u00e9sent\u00e9 le nouveau contrat de gestion entre la R\u00e9gion bruxelloise et la Soci\u00e9t\u00e9 du Logement de la R\u00e9gion de Bruxelles-Capitale (SLRB) en compagnie d&rsquo;Yves Lemmens, Directeur G\u00e9n\u00e9ral de la SLRB et Gert Van der Eeken, Pr\u00e9sident de la SLRB. Conclu pour une dur\u00e9e de 5 ans, ce contrat de gestion vise tout d&rsquo;abord \u00e0 acc\u00e9l\u00e9rer les investissements face aux d\u00e9fis sociaux et environnementaux. Pour moi, la priorit\u00e9 est d&rsquo;accro\u00eetre le nombre de logements sociaux et de r\u00e9duire les logements inoccup\u00e9s. Cette priorit\u00e9 est aussi une opportunit\u00e9 pour faire de Bruxelles, la capitale europ\u00e9enne du d\u00e9veloppement durable. Le secteur du logement social est un formidable levier pour agir au niveau environnemental, avec un double effet positif: \u00e9cologique et social. Enfin, ce nouveau contrat de gestion se veut \u00eatre un outil efficace et partenarial pour un suivi transparent des missions qui garantit \u00e0 long-terme le financement efficace du secteur. D&rsquo;une dur\u00e9e de 5 ans, il donne le cadre \u00e9conomique, urbanistique, social et financier du secteur du logement social en y ajoutant \u00e9galement des crit\u00e8res d&rsquo;\u00e9valuation. Il fixe \u00e9galement plusieurs objectifs ambitieux pour le secteur. Parmi eux, l&rsquo;acc\u00e9l\u00e9ration des investissements face aux d\u00e9fis sociaux et environnementaux. Actuellement, pr\u00e8s de 37.000 [&hellip;]","thumbnail_url":"http:\/\/www.doulkeridis.be\/blog\/wp-content\/uploads\/2010\/08\/photo-vert.social-300x225.png"}

Ce matin, j&rsquo;ai présenté le nouveau contrat de gestion entre la Région bruxelloise et la Société du Logement de la Région de Bruxelles-Capitale (SLRB) en compagnie d&rsquo;Yves Lemmens, Directeur Général de la SLRB et Gert Van der Eeken, Président de la SLRB. Conclu pour une durée de 5 ans, ce contrat de gestion vise tout d&rsquo;abord à accélérer les investissements face aux défis sociaux et environnementaux. Pour moi, la priorité est d&rsquo;accroître le nombre de logements sociaux et de réduire les logements inoccupés. Cette priorité est aussi une opportunité pour faire de Bruxelles, la capitale européenne du développement durable. Le secteur du logement social est un formidable levier pour agir au niveau environnemental, avec un double effet positif: écologique et social. Enfin, ce nouveau contrat de gestion se veut être un outil efficace et partenarial pour un suivi transparent des missions qui garantit à long-terme le financement efficace du secteur. D&rsquo;une durée de 5 ans, il donne le cadre économique, urbanistique, social et financier du secteur du logement social en y ajoutant également des critères d&rsquo;évaluation. Il fixe également plusieurs objectifs ambitieux pour le secteur. Parmi eux, l&rsquo;accélération des investissements face aux défis sociaux et environnementaux. Actuellement, près de 37.000 [&hellip;]
