{"version":"1.0","provider_name":"Christos Doulkeridis","provider_url":"https:\/\/www.doulkeridis.be\/blog","author_name":"Christos Doulkeridis","author_url":"https:\/\/www.doulkeridis.be\/blog\/author\/christos\/","title":"Venez \u00ab Go\u00fbter Bruxelles \u00bb ! - Christos Doulkeridis","type":"rich","width":600,"height":338,"html":"<blockquote class=\"wp-embedded-content\" data-secret=\"sBqrW8Ljwf\"><a href=\"https:\/\/www.doulkeridis.be\/blog\/2010\/09\/20\/venez-%c2%ab-gouter-bruxelles-%c2%bb\/\">Venez \u00ab Go\u00fbter Bruxelles \u00bb !<\/a><\/blockquote><iframe sandbox=\"allow-scripts\" security=\"restricted\" src=\"https:\/\/www.doulkeridis.be\/blog\/2010\/09\/20\/venez-%c2%ab-gouter-bruxelles-%c2%bb\/embed\/#?secret=sBqrW8Ljwf\" width=\"600\" height=\"338\" title=\"\u00ab\u00a0Venez \u00ab Go\u00fbter Bruxelles \u00bb !\u00a0\u00bb &#8212; Christos Doulkeridis\" data-secret=\"sBqrW8Ljwf\" frameborder=\"0\" marginwidth=\"0\" marginheight=\"0\" scrolling=\"no\" class=\"wp-embedded-content\"><\/iframe><script type=\"text\/javascript\">\n\/* <![CDATA[ *\/\n\/*! This file is auto-generated *\/\n!function(d,l){\"use strict\";l.querySelector&&d.addEventListener&&\"undefined\"!=typeof URL&&(d.wp=d.wp||{},d.wp.receiveEmbedMessage||(d.wp.receiveEmbedMessage=function(e){var t=e.data;if((t||t.secret||t.message||t.value)&&!\/[^a-zA-Z0-9]\/.test(t.secret)){for(var s,r,n,a=l.querySelectorAll('iframe[data-secret=\"'+t.secret+'\"]'),o=l.querySelectorAll('blockquote[data-secret=\"'+t.secret+'\"]'),c=new RegExp(\"^https?:$\",\"i\"),i=0;i<o.length;i++)o[i].style.display=\"none\";for(i=0;i<a.length;i++)s=a[i],e.source===s.contentWindow&&(s.removeAttribute(\"style\"),\"height\"===t.message?(1e3<(r=parseInt(t.value,10))?r=1e3:~~r<200&&(r=200),s.height=r):\"link\"===t.message&&(r=new URL(s.getAttribute(\"src\")),n=new URL(t.value),c.test(n.protocol))&&n.host===r.host&&l.activeElement===s&&(d.top.location.href=t.value))}},d.addEventListener(\"message\",d.wp.receiveEmbedMessage,!1),l.addEventListener(\"DOMContentLoaded\",function(){for(var e,t,s=l.querySelectorAll(\"iframe.wp-embedded-content\"),r=0;r<s.length;r++)(t=(e=s[r]).getAttribute(\"data-secret\"))||(t=Math.random().toString(36).substring(2,12),e.src+=\"#?secret=\"+t,e.setAttribute(\"data-secret\",t)),e.contentWindow.postMessage({message:\"ready\",secret:t},\"*\")},!1)))}(window,document);\n\/\/# sourceURL=https:\/\/www.doulkeridis.be\/blog\/wp-includes\/js\/wp-embed.min.js\n\/* ]]> *\/\n<\/script>\n","description":"Et c&rsquo;est parti pour la semaine du go\u00fbt ! Du 20 au 26 septembre, le patrimoine et les traditions culinaires de Bruxelles sont mis \u00e0 l&rsquo;honneur. Organis\u00e9 par l&rsquo;asbl Karikol, convivium Slow Food de Bruxelles, dont je suis un membre fondateur, \u00ab\u00a0Go\u00fbter Bruxelles \u00bb tente de montrer une autre image de Bruxelles, celle d&rsquo;une capitale \u00e0 cultiver, \u00e0 d\u00e9couvrir et \u00e0 go\u00fbter. Pour la 3\u00e8me ann\u00e9e, des Chefs, artisans, producteurs et amateurs vous accueillent afin de vous faire partager leur passion et leur savoir, et vous proposent des plats ou des menus Slow Food bas\u00e9s sur des produits achet\u00e9s en fili\u00e8re courte. Tout le programme sur www.gouterbruxelles.be. Cet \u00e9v\u00e9nement gourmand, \u00e9ducatif et festif affiche les principes du mouvement Slow Food : les valeurs de convivialit\u00e9, les plaisirs de la table et l\u2019\u00e9ducation au go\u00fbt; la protection de l\u2019environnement, la d\u00e9fense de la biodiversit\u00e9 et du patrimoine alimentaire; la cr\u00e9ation de liens entre producteurs et consommateurs. A l\u2019heure de la mondialisation de la malbouffe, la qualit\u00e9 de l\u2019alimentation est un sujet plus que jamais pr\u00e9occupant car il a des r\u00e9percussions graves sur notre sant\u00e9 et notre environnement. Dans le courant de cette l\u00e9gislature et en lien avec l&rsquo;ann\u00e9e de la gastronomie [&hellip;]","thumbnail_url":"http:\/\/www.doulkeridis.be\/blog\/wp-content\/uploads\/2010\/09\/3e-gouter-bxl2.jpg"}

Venez « Goûter Bruxelles » ! - Christos Doulkeridis

<blockquote class="wp-embedded-content" data-secret="sBqrW8Ljwf"><a href="https://www.doulkeridis.be/blog/2010/09/20/venez-%c2%ab-gouter-bruxelles-%c2%bb/">Venez « Goûter Bruxelles » !</a></blockquote><iframe sandbox="allow-scripts" security="restricted" src="https://www.doulkeridis.be/blog/2010/09/20/venez-%c2%ab-gouter-bruxelles-%c2%bb/embed/#?secret=sBqrW8Ljwf" width="600" height="338" title="« Venez « Goûter Bruxelles » ! » &#8212; Christos Doulkeridis" data-secret="sBqrW8Ljwf" frameborder="0" marginwidth="0" marginheight="0" scrolling="no" class="wp-embedded-content"></iframe><script type="text/javascript">
/* <![CDATA[ */
/*! This file is auto-generated */
!function(d,l){"use strict";l.querySelector&&d.addEventListener&&"undefined"!=typeof URL&&(d.wp=d.wp||{},d.wp.receiveEmbedMessage||(d.wp.receiveEmbedMessage=function(e){var t=e.data;if((t||t.secret||t.message||t.value)&&!/[^a-zA-Z0-9]/.test(t.secret)){for(var s,r,n,a=l.querySelectorAll('iframe[data-secret="'+t.secret+'"]'),o=l.querySelectorAll('blockquote[data-secret="'+t.secret+'"]'),c=new RegExp("^https?:$","i"),i=0;i<o.length;i++)o[i].style.display="none";for(i=0;i<a.length;i++)s=a[i],e.source===s.contentWindow&&(s.removeAttribute("style"),"height"===t.message?(1e3<(r=parseInt(t.value,10))?r=1e3:~~r<200&&(r=200),s.height=r):"link"===t.message&&(r=new URL(s.getAttribute("src")),n=new URL(t.value),c.test(n.protocol))&&n.host===r.host&&l.activeElement===s&&(d.top.location.href=t.value))}},d.addEventListener("message",d.wp.receiveEmbedMessage,!1),l.addEventListener("DOMContentLoaded",function(){for(var e,t,s=l.querySelectorAll("iframe.wp-embedded-content"),r=0;r<s.length;r++)(t=(e=s[r]).getAttribute("data-secret"))||(t=Math.random().toString(36).substring(2,12),e.src+="#?secret="+t,e.setAttribute("data-secret",t)),e.contentWindow.postMessage({message:"ready",secret:t},"*")},!1)))}(window,document);
//# sourceURL=https://www.doulkeridis.be/blog/wp-includes/js/wp-embed.min.js
/* ]]> */
</script>

Et c&rsquo;est parti pour la semaine du goût ! Du 20 au 26 septembre, le patrimoine et les traditions culinaires de Bruxelles sont mis à l&rsquo;honneur. Organisé par l&rsquo;asbl Karikol, convivium Slow Food de Bruxelles, dont je suis un membre fondateur, « Goûter Bruxelles » tente de montrer une autre image de Bruxelles, celle d&rsquo;une capitale à cultiver, à découvrir et à goûter. Pour la 3ème année, des Chefs, artisans, producteurs et amateurs vous accueillent afin de vous faire partager leur passion et leur savoir, et vous proposent des plats ou des menus Slow Food basés sur des produits achetés en filière courte. Tout le programme sur www.gouterbruxelles.be. Cet événement gourmand, éducatif et festif affiche les principes du mouvement Slow Food : les valeurs de convivialité, les plaisirs de la table et l’éducation au goût; la protection de l’environnement, la défense de la biodiversité et du patrimoine alimentaire; la création de liens entre producteurs et consommateurs. A l’heure de la mondialisation de la malbouffe, la qualité de l’alimentation est un sujet plus que jamais préoccupant car il a des répercussions graves sur notre santé et notre environnement. Dans le courant de cette législature et en lien avec l&rsquo;année de la gastronomie [&hellip;]
