{"version":"1.0","provider_name":"Christos Doulkeridis","provider_url":"https:\/\/www.doulkeridis.be\/blog","author_name":"Christos Doulkeridis","author_url":"https:\/\/www.doulkeridis.be\/blog\/author\/christos\/","title":"Inauguration de festival gay et lesbien de Belgique - Christos Doulkeridis","type":"rich","width":600,"height":338,"html":"<blockquote class=\"wp-embedded-content\" data-secret=\"fECjQXeEGZ\"><a href=\"https:\/\/www.doulkeridis.be\/blog\/2011\/02\/04\/inauguration-de-festival-gay-et-lesbien-de-belgique\/\">Inauguration de festival gay et lesbien de Belgique<\/a><\/blockquote><iframe sandbox=\"allow-scripts\" security=\"restricted\" src=\"https:\/\/www.doulkeridis.be\/blog\/2011\/02\/04\/inauguration-de-festival-gay-et-lesbien-de-belgique\/embed\/#?secret=fECjQXeEGZ\" width=\"600\" height=\"338\" title=\"\u00ab\u00a0Inauguration de festival gay et lesbien de Belgique\u00a0\u00bb &#8212; Christos Doulkeridis\" data-secret=\"fECjQXeEGZ\" frameborder=\"0\" marginwidth=\"0\" marginheight=\"0\" scrolling=\"no\" class=\"wp-embedded-content\"><\/iframe><script type=\"text\/javascript\">\n\/* <![CDATA[ *\/\n\/*! This file is auto-generated *\/\n!function(d,l){\"use strict\";l.querySelector&&d.addEventListener&&\"undefined\"!=typeof URL&&(d.wp=d.wp||{},d.wp.receiveEmbedMessage||(d.wp.receiveEmbedMessage=function(e){var t=e.data;if((t||t.secret||t.message||t.value)&&!\/[^a-zA-Z0-9]\/.test(t.secret)){for(var s,r,n,a=l.querySelectorAll('iframe[data-secret=\"'+t.secret+'\"]'),o=l.querySelectorAll('blockquote[data-secret=\"'+t.secret+'\"]'),c=new RegExp(\"^https?:$\",\"i\"),i=0;i<o.length;i++)o[i].style.display=\"none\";for(i=0;i<a.length;i++)s=a[i],e.source===s.contentWindow&&(s.removeAttribute(\"style\"),\"height\"===t.message?(1e3<(r=parseInt(t.value,10))?r=1e3:~~r<200&&(r=200),s.height=r):\"link\"===t.message&&(r=new URL(s.getAttribute(\"src\")),n=new URL(t.value),c.test(n.protocol))&&n.host===r.host&&l.activeElement===s&&(d.top.location.href=t.value))}},d.addEventListener(\"message\",d.wp.receiveEmbedMessage,!1),l.addEventListener(\"DOMContentLoaded\",function(){for(var e,t,s=l.querySelectorAll(\"iframe.wp-embedded-content\"),r=0;r<s.length;r++)(t=(e=s[r]).getAttribute(\"data-secret\"))||(t=Math.random().toString(36).substring(2,12),e.src+=\"#?secret=\"+t,e.setAttribute(\"data-secret\",t)),e.contentWindow.postMessage({message:\"ready\",secret:t},\"*\")},!1)))}(window,document);\n\/\/# sourceURL=https:\/\/www.doulkeridis.be\/blog\/wp-includes\/js\/wp-embed.min.js\n\/* ]]> *\/\n<\/script>\n","description":"Hier soir, j&rsquo;ai eu le plaisir d&rsquo;inaugurer le 25\u00e8 festival gay et lesbien de Belgique. L&rsquo;occasion de rappeler une double vigilance. Ces derni\u00e8res ann\u00e9es des avanc\u00e9es significatives ont eu lieues dans la reconnaissance des droits des homosexuels en Belgique, mais il ne faut pas baisser la garde car l&rsquo;homophobie n&rsquo;est jamais loin. N&rsquo;oublions pas que cela fait seulement 8 ans que, gr\u00e2ce surtout \u00e0 Ecolo, le mariage homosexuel est reconnu en Belgique et cela va faire tout juste 20 ans que l&rsquo;OMS a retir\u00e9 l&rsquo;homosexualit\u00e9 des maladies mentales. Dans le monde, de nombreux pays consid\u00e8rent toujours l&rsquo;homosexualit\u00e9 comme un d\u00e9lit, parfois punissable de peine de prison \u00e0 vie voir m\u00eame de la peine de mort. Ce festival garde donc tout son sens et permettra une fois encore des moments d&rsquo;\u00e9changes, de r\u00e9flexion avec de nombreuses voix qui n&rsquo;ont pas toujours l&rsquo;occasion de se faire entendre! BON FESTIVAL","thumbnail_url":"http:\/\/www.doulkeridis.be\/blog\/wp-content\/uploads\/2011\/02\/arton212-213x300.jpg"}

Hier soir, j&rsquo;ai eu le plaisir d&rsquo;inaugurer le 25è festival gay et lesbien de Belgique. L&rsquo;occasion de rappeler une double vigilance. Ces dernières années des avancées significatives ont eu lieues dans la reconnaissance des droits des homosexuels en Belgique, mais il ne faut pas baisser la garde car l&rsquo;homophobie n&rsquo;est jamais loin. N&rsquo;oublions pas que cela fait seulement 8 ans que, grâce surtout à Ecolo, le mariage homosexuel est reconnu en Belgique et cela va faire tout juste 20 ans que l&rsquo;OMS a retiré l&rsquo;homosexualité des maladies mentales. Dans le monde, de nombreux pays considèrent toujours l&rsquo;homosexualité comme un délit, parfois punissable de peine de prison à vie voir même de la peine de mort. Ce festival garde donc tout son sens et permettra une fois encore des moments d&rsquo;échanges, de réflexion avec de nombreuses voix qui n&rsquo;ont pas toujours l&rsquo;occasion de se faire entendre! BON FESTIVAL
