{"version":"1.0","provider_name":"Christos Doulkeridis","provider_url":"https:\/\/www.doulkeridis.be\/blog","author_name":"Christos Doulkeridis","author_url":"https:\/\/www.doulkeridis.be\/blog\/author\/christos\/","title":"La f\u00eate \u00e0 la Maison Biloba! - Christos Doulkeridis","type":"rich","width":600,"height":338,"html":"<blockquote class=\"wp-embedded-content\" data-secret=\"YQy5TBHvvr\"><a href=\"https:\/\/www.doulkeridis.be\/blog\/2011\/06\/25\/la-fete-a-la-maison-biloba\/\">La f\u00eate \u00e0 la Maison Biloba!<\/a><\/blockquote><iframe sandbox=\"allow-scripts\" security=\"restricted\" src=\"https:\/\/www.doulkeridis.be\/blog\/2011\/06\/25\/la-fete-a-la-maison-biloba\/embed\/#?secret=YQy5TBHvvr\" width=\"600\" height=\"338\" title=\"\u00ab\u00a0La f\u00eate \u00e0 la Maison Biloba!\u00a0\u00bb &#8212; Christos Doulkeridis\" data-secret=\"YQy5TBHvvr\" frameborder=\"0\" marginwidth=\"0\" marginheight=\"0\" scrolling=\"no\" class=\"wp-embedded-content\"><\/iframe><script type=\"text\/javascript\">\n\/* <![CDATA[ *\/\n\/*! This file is auto-generated *\/\n!function(d,l){\"use strict\";l.querySelector&&d.addEventListener&&\"undefined\"!=typeof URL&&(d.wp=d.wp||{},d.wp.receiveEmbedMessage||(d.wp.receiveEmbedMessage=function(e){var t=e.data;if((t||t.secret||t.message||t.value)&&!\/[^a-zA-Z0-9]\/.test(t.secret)){for(var s,r,n,a=l.querySelectorAll('iframe[data-secret=\"'+t.secret+'\"]'),o=l.querySelectorAll('blockquote[data-secret=\"'+t.secret+'\"]'),c=new RegExp(\"^https?:$\",\"i\"),i=0;i<o.length;i++)o[i].style.display=\"none\";for(i=0;i<a.length;i++)s=a[i],e.source===s.contentWindow&&(s.removeAttribute(\"style\"),\"height\"===t.message?(1e3<(r=parseInt(t.value,10))?r=1e3:~~r<200&&(r=200),s.height=r):\"link\"===t.message&&(r=new URL(s.getAttribute(\"src\")),n=new URL(t.value),c.test(n.protocol))&&n.host===r.host&&l.activeElement===s&&(d.top.location.href=t.value))}},d.addEventListener(\"message\",d.wp.receiveEmbedMessage,!1),l.addEventListener(\"DOMContentLoaded\",function(){for(var e,t,s=l.querySelectorAll(\"iframe.wp-embedded-content\"),r=0;r<s.length;r++)(t=(e=s[r]).getAttribute(\"data-secret\"))||(t=Math.random().toString(36).substring(2,12),e.src+=\"#?secret=\"+t,e.setAttribute(\"data-secret\",t)),e.contentWindow.postMessage({message:\"ready\",secret:t},\"*\")},!1)))}(window,document);\n\/\/# sourceURL=https:\/\/www.doulkeridis.be\/blog\/wp-includes\/js\/wp-embed.min.js\n\/* ]]> *\/\n<\/script>\n","description":"L&rsquo;ambiance \u00e9tait \u00e0 la f\u00eate cette semaine dans le Quartier Brabant de Schaerbeek. On parlait m\u00eame de f\u00eate \u00ab\u00a0solidaire\u00a0\u00bb au sein de la Maison Biloba qui s&rsquo;est implant\u00e9e dans la rue des Plantes. Je tenais absolument \u00e0 prendre part \u00e0 ce moment festif qui s&rsquo;est tenu le 23 juin. La Maison Biloba est un projet innovant avec pour objectif principal d&rsquo;apporter une r\u00e9ponse \u00e0 la probl\u00e9matique du logement et de l&rsquo;accueil des personnes \u00e2g\u00e9es, notamment issues de l&rsquo;immigration. En me rendant sur place, j&rsquo;ai pu constater le travail qui est entrepris par la Maison Biloba (un projet initi\u00e9 par plusieurs associations\u00a0: EVA, Maison M\u00e9dicale du Nord et Aksent). Son objectif est de mettre \u00e0 disposition de seniors autonomes une quinzaine de logements individuels en collaboration avec une SISP. Le but est de faire en sorte qu&rsquo;ils se sentent chez eux dans un cadre interg\u00e9n\u00e9rationnel et multiculturel. Cette coop\u00e9rative veut aussi leur proposer un espace de vie en commun organis\u00e9 par et pour tous les habitants de la maison. Enfin la Maison Biloba offre d\u00e9j\u00e0 un centre d&rsquo;accueil de jour ouvert sur le quartier dans lequel elle s&rsquo;inscrit. A l&rsquo;int\u00e9rieur de ce centre, les seniors du quartiers qui se sentent isol\u00e9s [&hellip;]","thumbnail_url":"http:\/\/www.doulkeridis.be\/blog\/wp-content\/uploads\/2011\/06\/IMG_5593-300x200.jpg"}

La fête à la Maison Biloba! - Christos Doulkeridis

<blockquote class="wp-embedded-content" data-secret="YQy5TBHvvr"><a href="https://www.doulkeridis.be/blog/2011/06/25/la-fete-a-la-maison-biloba/">La fête à la Maison Biloba!</a></blockquote><iframe sandbox="allow-scripts" security="restricted" src="https://www.doulkeridis.be/blog/2011/06/25/la-fete-a-la-maison-biloba/embed/#?secret=YQy5TBHvvr" width="600" height="338" title="« La fête à la Maison Biloba! » &#8212; Christos Doulkeridis" data-secret="YQy5TBHvvr" frameborder="0" marginwidth="0" marginheight="0" scrolling="no" class="wp-embedded-content"></iframe><script type="text/javascript">
/* <![CDATA[ */
/*! This file is auto-generated */
!function(d,l){"use strict";l.querySelector&&d.addEventListener&&"undefined"!=typeof URL&&(d.wp=d.wp||{},d.wp.receiveEmbedMessage||(d.wp.receiveEmbedMessage=function(e){var t=e.data;if((t||t.secret||t.message||t.value)&&!/[^a-zA-Z0-9]/.test(t.secret)){for(var s,r,n,a=l.querySelectorAll('iframe[data-secret="'+t.secret+'"]'),o=l.querySelectorAll('blockquote[data-secret="'+t.secret+'"]'),c=new RegExp("^https?:$","i"),i=0;i<o.length;i++)o[i].style.display="none";for(i=0;i<a.length;i++)s=a[i],e.source===s.contentWindow&&(s.removeAttribute("style"),"height"===t.message?(1e3<(r=parseInt(t.value,10))?r=1e3:~~r<200&&(r=200),s.height=r):"link"===t.message&&(r=new URL(s.getAttribute("src")),n=new URL(t.value),c.test(n.protocol))&&n.host===r.host&&l.activeElement===s&&(d.top.location.href=t.value))}},d.addEventListener("message",d.wp.receiveEmbedMessage,!1),l.addEventListener("DOMContentLoaded",function(){for(var e,t,s=l.querySelectorAll("iframe.wp-embedded-content"),r=0;r<s.length;r++)(t=(e=s[r]).getAttribute("data-secret"))||(t=Math.random().toString(36).substring(2,12),e.src+="#?secret="+t,e.setAttribute("data-secret",t)),e.contentWindow.postMessage({message:"ready",secret:t},"*")},!1)))}(window,document);
//# sourceURL=https://www.doulkeridis.be/blog/wp-includes/js/wp-embed.min.js
/* ]]> */
</script>

L&rsquo;ambiance était à la fête cette semaine dans le Quartier Brabant de Schaerbeek. On parlait même de fête « solidaire » au sein de la Maison Biloba qui s&rsquo;est implantée dans la rue des Plantes. Je tenais absolument à prendre part à ce moment festif qui s&rsquo;est tenu le 23 juin. La Maison Biloba est un projet innovant avec pour objectif principal d&rsquo;apporter une réponse à la problématique du logement et de l&rsquo;accueil des personnes âgées, notamment issues de l&rsquo;immigration. En me rendant sur place, j&rsquo;ai pu constater le travail qui est entrepris par la Maison Biloba (un projet initié par plusieurs associations : EVA, Maison Médicale du Nord et Aksent). Son objectif est de mettre à disposition de seniors autonomes une quinzaine de logements individuels en collaboration avec une SISP. Le but est de faire en sorte qu&rsquo;ils se sentent chez eux dans un cadre intergénérationnel et multiculturel. Cette coopérative veut aussi leur proposer un espace de vie en commun organisé par et pour tous les habitants de la maison. Enfin la Maison Biloba offre déjà un centre d&rsquo;accueil de jour ouvert sur le quartier dans lequel elle s&rsquo;inscrit. A l&rsquo;intérieur de ce centre, les seniors du quartiers qui se sentent isolés [&hellip;]
