{"version":"1.0","provider_name":"Christos Doulkeridis","provider_url":"https:\/\/www.doulkeridis.be\/blog","author_name":"Christos Doulkeridis","author_url":"https:\/\/www.doulkeridis.be\/blog\/author\/christos\/","title":"BRUSSELICIOUS 2012: appel aux artistes! - Christos Doulkeridis","type":"rich","width":600,"height":338,"html":"<blockquote class=\"wp-embedded-content\" data-secret=\"E7ymevXVSL\"><a href=\"https:\/\/www.doulkeridis.be\/blog\/2011\/09\/08\/brusselicious-2012-appel-aux-artistes\/\">BRUSSELICIOUS 2012: appel aux artistes!<\/a><\/blockquote><iframe sandbox=\"allow-scripts\" security=\"restricted\" src=\"https:\/\/www.doulkeridis.be\/blog\/2011\/09\/08\/brusselicious-2012-appel-aux-artistes\/embed\/#?secret=E7ymevXVSL\" width=\"600\" height=\"338\" title=\"\u00ab\u00a0BRUSSELICIOUS 2012: appel aux artistes!\u00a0\u00bb &#8212; Christos Doulkeridis\" data-secret=\"E7ymevXVSL\" frameborder=\"0\" marginwidth=\"0\" marginheight=\"0\" scrolling=\"no\" class=\"wp-embedded-content\"><\/iframe><script type=\"text\/javascript\">\n\/* <![CDATA[ *\/\n\/*! This file is auto-generated *\/\n!function(d,l){\"use strict\";l.querySelector&&d.addEventListener&&\"undefined\"!=typeof URL&&(d.wp=d.wp||{},d.wp.receiveEmbedMessage||(d.wp.receiveEmbedMessage=function(e){var t=e.data;if((t||t.secret||t.message||t.value)&&!\/[^a-zA-Z0-9]\/.test(t.secret)){for(var s,r,n,a=l.querySelectorAll('iframe[data-secret=\"'+t.secret+'\"]'),o=l.querySelectorAll('blockquote[data-secret=\"'+t.secret+'\"]'),c=new RegExp(\"^https?:$\",\"i\"),i=0;i<o.length;i++)o[i].style.display=\"none\";for(i=0;i<a.length;i++)s=a[i],e.source===s.contentWindow&&(s.removeAttribute(\"style\"),\"height\"===t.message?(1e3<(r=parseInt(t.value,10))?r=1e3:~~r<200&&(r=200),s.height=r):\"link\"===t.message&&(r=new URL(s.getAttribute(\"src\")),n=new URL(t.value),c.test(n.protocol))&&n.host===r.host&&l.activeElement===s&&(d.top.location.href=t.value))}},d.addEventListener(\"message\",d.wp.receiveEmbedMessage,!1),l.addEventListener(\"DOMContentLoaded\",function(){for(var e,t,s=l.querySelectorAll(\"iframe.wp-embedded-content\"),r=0;r<s.length;r++)(t=(e=s[r]).getAttribute(\"data-secret\"))||(t=Math.random().toString(36).substring(2,12),e.src+=\"#?secret=\"+t,e.setAttribute(\"data-secret\",t)),e.contentWindow.postMessage({message:\"ready\",secret:t},\"*\")},!1)))}(window,document);\n\/\/# sourceURL=https:\/\/www.doulkeridis.be\/blog\/wp-includes\/js\/wp-embed.min.js\n\/* ]]> *\/\n<\/script>\n","thumbnail_url":"https:\/\/www.doulkeridis.be\/blog\/wp-content\/uploads\/2011\/09\/brusselicious.gif","thumbnail_width":"930","thumbnail_height":"240","description":"Bruxelles en 2012 vivra des moments gourmands et intenses que nous nous empresserons de vous faire d\u00e9couvrir. Je souhaite vous relayer ici un appel \u00e0 candidature artistique : Tout Bruxelles va le savoir, tout Bruxelles va le voir&#8230;! Dans le courant de l&rsquo;ann\u00e9e, une mise en sc\u00e8ne de reproductions monumentales (plus de 2 m\u00e8tres de haut) envahira la R\u00e9gion de Bruxelles Capitale. Imaginez des cornets de frites, des choux de Bruxelles, des plaquettes de chocolat, des verres de bi\u00e8re et enfin des moules g\u00e9antes. Tous ces embl\u00e8mes gastronomiques seront personnalis\u00e9s par des artistes de tous horizons et tr\u00f4neront dans la ville avant d&rsquo;\u00eatre regroup\u00e9s dans un lieu unique afin d&rsquo;appr\u00e9cier ce travail dans son ensemble. Les artistes peuvent envoyer leur demande de candidature \u00e0 l&rsquo;adresse suivante brusselicious@gmail.com et ils recevront le dossier complet. Merci de faire passer l&rsquo;information!"}

Bruxelles en 2012 vivra des moments gourmands et intenses que nous nous empresserons de vous faire découvrir. Je souhaite vous relayer ici un appel à candidature artistique : Tout Bruxelles va le savoir, tout Bruxelles va le voir&#8230;! Dans le courant de l&rsquo;année, une mise en scène de reproductions monumentales (plus de 2 mètres de haut) envahira la Région de Bruxelles Capitale. Imaginez des cornets de frites, des choux de Bruxelles, des plaquettes de chocolat, des verres de bière et enfin des moules géantes. Tous ces emblèmes gastronomiques seront personnalisés par des artistes de tous horizons et trôneront dans la ville avant d&rsquo;être regroupés dans un lieu unique afin d&rsquo;apprécier ce travail dans son ensemble. Les artistes peuvent envoyer leur demande de candidature à l&rsquo;adresse suivante brusselicious@gmail.com et ils recevront le dossier complet. Merci de faire passer l&rsquo;information!
