{"version":"1.0","provider_name":"Christos Doulkeridis","provider_url":"https:\/\/www.doulkeridis.be\/blog","author_name":"Christos Doulkeridis","author_url":"https:\/\/www.doulkeridis.be\/blog\/author\/christos\/","title":"Le prochain d\u00e9l\u00e9gu\u00e9 CoCoLo, c'est peut-\u00eatre vous! - Christos Doulkeridis","type":"rich","width":600,"height":338,"html":"<blockquote class=\"wp-embedded-content\" data-secret=\"UWGDWFKWtd\"><a href=\"https:\/\/www.doulkeridis.be\/blog\/2012\/08\/21\/le-prochain-delegue-cocolo-cest-peut-etre-vous\/\">Le prochain d\u00e9l\u00e9gu\u00e9 CoCoLo, c&rsquo;est peut-\u00eatre vous!<\/a><\/blockquote><iframe sandbox=\"allow-scripts\" security=\"restricted\" src=\"https:\/\/www.doulkeridis.be\/blog\/2012\/08\/21\/le-prochain-delegue-cocolo-cest-peut-etre-vous\/embed\/#?secret=UWGDWFKWtd\" width=\"600\" height=\"338\" title=\"\u00ab\u00a0Le prochain d\u00e9l\u00e9gu\u00e9 CoCoLo, c&rsquo;est peut-\u00eatre vous!\u00a0\u00bb &#8212; Christos Doulkeridis\" data-secret=\"UWGDWFKWtd\" frameborder=\"0\" marginwidth=\"0\" marginheight=\"0\" scrolling=\"no\" class=\"wp-embedded-content\"><\/iframe><script type=\"text\/javascript\">\n\/* <![CDATA[ *\/\n\/*! This file is auto-generated *\/\n!function(d,l){\"use strict\";l.querySelector&&d.addEventListener&&\"undefined\"!=typeof URL&&(d.wp=d.wp||{},d.wp.receiveEmbedMessage||(d.wp.receiveEmbedMessage=function(e){var t=e.data;if((t||t.secret||t.message||t.value)&&!\/[^a-zA-Z0-9]\/.test(t.secret)){for(var s,r,n,a=l.querySelectorAll('iframe[data-secret=\"'+t.secret+'\"]'),o=l.querySelectorAll('blockquote[data-secret=\"'+t.secret+'\"]'),c=new RegExp(\"^https?:$\",\"i\"),i=0;i<o.length;i++)o[i].style.display=\"none\";for(i=0;i<a.length;i++)s=a[i],e.source===s.contentWindow&&(s.removeAttribute(\"style\"),\"height\"===t.message?(1e3<(r=parseInt(t.value,10))?r=1e3:~~r<200&&(r=200),s.height=r):\"link\"===t.message&&(r=new URL(s.getAttribute(\"src\")),n=new URL(t.value),c.test(n.protocol))&&n.host===r.host&&l.activeElement===s&&(d.top.location.href=t.value))}},d.addEventListener(\"message\",d.wp.receiveEmbedMessage,!1),l.addEventListener(\"DOMContentLoaded\",function(){for(var e,t,s=l.querySelectorAll(\"iframe.wp-embedded-content\"),r=0;r<s.length;r++)(t=(e=s[r]).getAttribute(\"data-secret\"))||(t=Math.random().toString(36).substring(2,12),e.src+=\"#?secret=\"+t,e.setAttribute(\"data-secret\",t)),e.contentWindow.postMessage({message:\"ready\",secret:t},\"*\")},!1)))}(window,document);\n\/\/# sourceURL=https:\/\/www.doulkeridis.be\/blog\/wp-includes\/js\/wp-embed.min.js\n\/* ]]> *\/\n<\/script>\n","thumbnail_url":"https:\/\/www.doulkeridis.be\/blog\/wp-content\/uploads\/2012\/08\/cocolo.jpg","thumbnail_width":"640","thumbnail_height":"360","description":"Vous habitez dans un logement social\u00a0? Votre voix compte. En effet, depuis 2004, les locataires des diff\u00e9rentes soci\u00e9t\u00e9s de logement social en R\u00e9gion bruxelloise ont le droit d&rsquo;\u00e9lire ou de si\u00e9ger au sein d&rsquo;un conseil consultatif des locataires\u00a0(CoCoLo). Ce conseil est constitu\u00e9 d&rsquo;habitants d\u00e9sireux de repr\u00e9senter les autres locataires aupr\u00e8s de leur soci\u00e9t\u00e9 de logement social. Ces personnes sont \u00e9lues tous les trois ans pour \u00e9couter les autres locataires, faire entendre leurs voix, pour participer aux d\u00e9bats du conseil d&rsquo;administration mais aussi pour informer des d\u00e9cisions prises au sein de la SISP. Elles peuvent aussi rendre des avis et \u00e9mettre des propositions pour am\u00e9liorer le quotidien des habitants du logement social. En janvier 2013, de nouvelles \u00e9lections auront lieu. Vous pouvez, vous aussi, d\u00e9poser votre candidature pour devenir d\u00e9l\u00e9gu\u00e9 dans votre CoCoLo. Voici un petit clip qui vous explique ce que sont les CoCoLos&#8230;"}

Le prochain délégué CoCoLo, c'est peut-être vous! - Christos Doulkeridis

<blockquote class="wp-embedded-content" data-secret="UWGDWFKWtd"><a href="https://www.doulkeridis.be/blog/2012/08/21/le-prochain-delegue-cocolo-cest-peut-etre-vous/">Le prochain délégué CoCoLo, c&rsquo;est peut-être vous!</a></blockquote><iframe sandbox="allow-scripts" security="restricted" src="https://www.doulkeridis.be/blog/2012/08/21/le-prochain-delegue-cocolo-cest-peut-etre-vous/embed/#?secret=UWGDWFKWtd" width="600" height="338" title="« Le prochain délégué CoCoLo, c&rsquo;est peut-être vous! » &#8212; Christos Doulkeridis" data-secret="UWGDWFKWtd" frameborder="0" marginwidth="0" marginheight="0" scrolling="no" class="wp-embedded-content"></iframe><script type="text/javascript">
/* <![CDATA[ */
/*! This file is auto-generated */
!function(d,l){"use strict";l.querySelector&&d.addEventListener&&"undefined"!=typeof URL&&(d.wp=d.wp||{},d.wp.receiveEmbedMessage||(d.wp.receiveEmbedMessage=function(e){var t=e.data;if((t||t.secret||t.message||t.value)&&!/[^a-zA-Z0-9]/.test(t.secret)){for(var s,r,n,a=l.querySelectorAll('iframe[data-secret="'+t.secret+'"]'),o=l.querySelectorAll('blockquote[data-secret="'+t.secret+'"]'),c=new RegExp("^https?:$","i"),i=0;i<o.length;i++)o[i].style.display="none";for(i=0;i<a.length;i++)s=a[i],e.source===s.contentWindow&&(s.removeAttribute("style"),"height"===t.message?(1e3<(r=parseInt(t.value,10))?r=1e3:~~r<200&&(r=200),s.height=r):"link"===t.message&&(r=new URL(s.getAttribute("src")),n=new URL(t.value),c.test(n.protocol))&&n.host===r.host&&l.activeElement===s&&(d.top.location.href=t.value))}},d.addEventListener("message",d.wp.receiveEmbedMessage,!1),l.addEventListener("DOMContentLoaded",function(){for(var e,t,s=l.querySelectorAll("iframe.wp-embedded-content"),r=0;r<s.length;r++)(t=(e=s[r]).getAttribute("data-secret"))||(t=Math.random().toString(36).substring(2,12),e.src+="#?secret="+t,e.setAttribute("data-secret",t)),e.contentWindow.postMessage({message:"ready",secret:t},"*")},!1)))}(window,document);
//# sourceURL=https://www.doulkeridis.be/blog/wp-includes/js/wp-embed.min.js
/* ]]> */
</script>

Vous habitez dans un logement social ? Votre voix compte. En effet, depuis 2004, les locataires des différentes sociétés de logement social en Région bruxelloise ont le droit d&rsquo;élire ou de siéger au sein d&rsquo;un conseil consultatif des locataires (CoCoLo). Ce conseil est constitué d&rsquo;habitants désireux de représenter les autres locataires auprès de leur société de logement social. Ces personnes sont élues tous les trois ans pour écouter les autres locataires, faire entendre leurs voix, pour participer aux débats du conseil d&rsquo;administration mais aussi pour informer des décisions prises au sein de la SISP. Elles peuvent aussi rendre des avis et émettre des propositions pour améliorer le quotidien des habitants du logement social. En janvier 2013, de nouvelles élections auront lieu. Vous pouvez, vous aussi, déposer votre candidature pour devenir délégué dans votre CoCoLo. Voici un petit clip qui vous explique ce que sont les CoCoLos&#8230;
