{"version":"1.0","provider_name":"Christos Doulkeridis","provider_url":"https:\/\/www.doulkeridis.be\/blog","author_name":"Christos Doulkeridis","author_url":"https:\/\/www.doulkeridis.be\/blog\/author\/christos\/","title":"La Pride met les \"Rainbow families\" \u00e0 l'honneur - Christos Doulkeridis","type":"rich","width":600,"height":338,"html":"<blockquote class=\"wp-embedded-content\" data-secret=\"7lMKgMBIen\"><a href=\"https:\/\/www.doulkeridis.be\/blog\/2013\/05\/17\/la-pride-met-les-rainbouw-families-a-lhonneur\/\">La Pride met les \u00ab\u00a0Rainbow families\u00a0\u00bb \u00e0 l&rsquo;honneur<\/a><\/blockquote><iframe sandbox=\"allow-scripts\" security=\"restricted\" src=\"https:\/\/www.doulkeridis.be\/blog\/2013\/05\/17\/la-pride-met-les-rainbouw-families-a-lhonneur\/embed\/#?secret=7lMKgMBIen\" width=\"600\" height=\"338\" title=\"\u00ab\u00a0La Pride met les \u00ab\u00a0Rainbow families\u00a0\u00bb \u00e0 l&rsquo;honneur\u00a0\u00bb &#8212; Christos Doulkeridis\" data-secret=\"7lMKgMBIen\" frameborder=\"0\" marginwidth=\"0\" marginheight=\"0\" scrolling=\"no\" class=\"wp-embedded-content\"><\/iframe><script type=\"text\/javascript\">\n\/* <![CDATA[ *\/\n\/*! This file is auto-generated *\/\n!function(d,l){\"use strict\";l.querySelector&&d.addEventListener&&\"undefined\"!=typeof URL&&(d.wp=d.wp||{},d.wp.receiveEmbedMessage||(d.wp.receiveEmbedMessage=function(e){var t=e.data;if((t||t.secret||t.message||t.value)&&!\/[^a-zA-Z0-9]\/.test(t.secret)){for(var s,r,n,a=l.querySelectorAll('iframe[data-secret=\"'+t.secret+'\"]'),o=l.querySelectorAll('blockquote[data-secret=\"'+t.secret+'\"]'),c=new RegExp(\"^https?:$\",\"i\"),i=0;i<o.length;i++)o[i].style.display=\"none\";for(i=0;i<a.length;i++)s=a[i],e.source===s.contentWindow&&(s.removeAttribute(\"style\"),\"height\"===t.message?(1e3<(r=parseInt(t.value,10))?r=1e3:~~r<200&&(r=200),s.height=r):\"link\"===t.message&&(r=new URL(s.getAttribute(\"src\")),n=new URL(t.value),c.test(n.protocol))&&n.host===r.host&&l.activeElement===s&&(d.top.location.href=t.value))}},d.addEventListener(\"message\",d.wp.receiveEmbedMessage,!1),l.addEventListener(\"DOMContentLoaded\",function(){for(var e,t,s=l.querySelectorAll(\"iframe.wp-embedded-content\"),r=0;r<s.length;r++)(t=(e=s[r]).getAttribute(\"data-secret\"))||(t=Math.random().toString(36).substring(2,12),e.src+=\"#?secret=\"+t,e.setAttribute(\"data-secret\",t)),e.contentWindow.postMessage({message:\"ready\",secret:t},\"*\")},!1)))}(window,document);\n\/\/# sourceURL=https:\/\/www.doulkeridis.be\/blog\/wp-includes\/js\/wp-embed.min.js\n\/* ]]> *\/\n<\/script>\n","thumbnail_url":"https:\/\/www.doulkeridis.be\/blog\/wp-content\/uploads\/2013\/05\/DSC_0049-1024x685.jpg","thumbnail_width":1024,"thumbnail_height":685,"description":"La 18e \u00e9dition de la Belgian Pride se tiendra demain. Cette ann\u00e9e, elle a choisi comme th\u00e9matique\u00a0 les \u00ab\u00a0Rainbow families\u00a0\u00bb.\u00a0 Il est important en effet de mettre en lumi\u00e8re la diversit\u00e9 n\u00e9e de l\u2019ouverture du mariage et de l\u2019adoption aux couples du m\u00eame sexe. Les Rainbow families sont le fruit et le reflet de la diversit\u00e9 et de l\u2019ouverture de notre pays. D\u2019ailleurs, comme vous le savez, cette ann\u00e9e, la Belgique f\u00eate deux anniversaires pour le moins symboliques\u00a0: les 10 ans de l\u2019ouverture du mariage aux couples du m\u00eame sexe, et les 7 ans de l\u00e9galisation de l\u2019adoption pour ces derniers. Malgr\u00e9 ces avanc\u00e9es, la violence des d\u00e9bats parlementaires et m\u00e9diatiques r\u00e9cemment men\u00e9s en France a rappel\u00e9 que le chemin vers l\u2019\u00e9galit\u00e9 est encore long et qu&rsquo;il faut continuer \u00e0 \u00eatre particuli\u00e8rement vigilant \u00e0 toutes les formes de discrimination ou de violences qu&rsquo;elles soient verbales ou physiques qui malheureusement se produisent encore beaucoup trop souvent dans nos soci\u00e9t\u00e9s. Aujourd\u2019hui, il est ind\u00e9niable que par son importance symbolique et politique, le vote du \u00ab\u00a0mariage pour tous\u00a0\u00bb chez nos voisins fran\u00e7ais et anglais participe \u00e0 un mouvement global d\u2019\u00e9galit\u00e9 et d\u2019ouverture \u00e0 la diff\u00e9rence que je suis heureux de constater. La reconnaissance [&hellip;]"}

La Pride met les "Rainbow families" à l'honneur - Christos Doulkeridis

<blockquote class="wp-embedded-content" data-secret="7lMKgMBIen"><a href="https://www.doulkeridis.be/blog/2013/05/17/la-pride-met-les-rainbouw-families-a-lhonneur/">La Pride met les « Rainbow families » à l&rsquo;honneur</a></blockquote><iframe sandbox="allow-scripts" security="restricted" src="https://www.doulkeridis.be/blog/2013/05/17/la-pride-met-les-rainbouw-families-a-lhonneur/embed/#?secret=7lMKgMBIen" width="600" height="338" title="« La Pride met les « Rainbow families » à l&rsquo;honneur » &#8212; Christos Doulkeridis" data-secret="7lMKgMBIen" frameborder="0" marginwidth="0" marginheight="0" scrolling="no" class="wp-embedded-content"></iframe><script type="text/javascript">
/* <![CDATA[ */
/*! This file is auto-generated */
!function(d,l){"use strict";l.querySelector&&d.addEventListener&&"undefined"!=typeof URL&&(d.wp=d.wp||{},d.wp.receiveEmbedMessage||(d.wp.receiveEmbedMessage=function(e){var t=e.data;if((t||t.secret||t.message||t.value)&&!/[^a-zA-Z0-9]/.test(t.secret)){for(var s,r,n,a=l.querySelectorAll('iframe[data-secret="'+t.secret+'"]'),o=l.querySelectorAll('blockquote[data-secret="'+t.secret+'"]'),c=new RegExp("^https?:$","i"),i=0;i<o.length;i++)o[i].style.display="none";for(i=0;i<a.length;i++)s=a[i],e.source===s.contentWindow&&(s.removeAttribute("style"),"height"===t.message?(1e3<(r=parseInt(t.value,10))?r=1e3:~~r<200&&(r=200),s.height=r):"link"===t.message&&(r=new URL(s.getAttribute("src")),n=new URL(t.value),c.test(n.protocol))&&n.host===r.host&&l.activeElement===s&&(d.top.location.href=t.value))}},d.addEventListener("message",d.wp.receiveEmbedMessage,!1),l.addEventListener("DOMContentLoaded",function(){for(var e,t,s=l.querySelectorAll("iframe.wp-embedded-content"),r=0;r<s.length;r++)(t=(e=s[r]).getAttribute("data-secret"))||(t=Math.random().toString(36).substring(2,12),e.src+="#?secret="+t,e.setAttribute("data-secret",t)),e.contentWindow.postMessage({message:"ready",secret:t},"*")},!1)))}(window,document);
//# sourceURL=https://www.doulkeridis.be/blog/wp-includes/js/wp-embed.min.js
/* ]]> */
</script>

La 18e édition de la Belgian Pride se tiendra demain. Cette année, elle a choisi comme thématique  les « Rainbow families ».  Il est important en effet de mettre en lumière la diversité née de l’ouverture du mariage et de l’adoption aux couples du même sexe. Les Rainbow families sont le fruit et le reflet de la diversité et de l’ouverture de notre pays. D’ailleurs, comme vous le savez, cette année, la Belgique fête deux anniversaires pour le moins symboliques : les 10 ans de l’ouverture du mariage aux couples du même sexe, et les 7 ans de légalisation de l’adoption pour ces derniers. Malgré ces avancées, la violence des débats parlementaires et médiatiques récemment menés en France a rappelé que le chemin vers l’égalité est encore long et qu&rsquo;il faut continuer à être particulièrement vigilant à toutes les formes de discrimination ou de violences qu&rsquo;elles soient verbales ou physiques qui malheureusement se produisent encore beaucoup trop souvent dans nos sociétés. Aujourd’hui, il est indéniable que par son importance symbolique et politique, le vote du « mariage pour tous » chez nos voisins français et anglais participe à un mouvement global d’égalité et d’ouverture à la différence que je suis heureux de constater. La reconnaissance [&hellip;]
